2*l + 271291. Is w a composite number?
True
Let f = 13785 - -18906. Suppose 0 = -49*g + 52*g - f. Is g composite?
True
Let q(g) = -9*g**2 + 13*g - 12. Let c be q(5). Let t be (162/24)/(6/c)*-6. Suppose 3*o - 4*n - 858 = t, 5*n = 0. Is o a composite number?
False
Suppose -26*n = -12*n - 76412 - 17822. Is n composite?
True
Let m = 1 + 1. Let k(h) = -7 + 16 - 5 + 2*h + 10*h**m - h. Is k(-3) a prime number?
False
Suppose 2*h = -6, -2*h + 158265 = 3*t - 106362. Is t a composite number?
False
Suppose -84*p + 631042 = 14*p - 1562884. Is p a composite number?
True
Is 880521*2*(70/(-12) + 6) a composite number?
False
Let z = -647 - -685. Suppose -545609 = -z*f + 24201. Is f prime?
False
Let y = -547325 - -923736. Is y a prime number?
False
Suppose 0*u + 3*u - 132982 = -b, 4*u - 5*b - 177303 = 0. Is u prime?
False
Is ((-49618)/(-8))/((-15)/720*-12) a prime number?
True
Let w(v) = -41*v**3 - 18*v**2 - 28*v - 86. Is w(-7) prime?
True
Let d(l) = -17116*l + 393. Is d(-4) a composite number?
True
Suppose 2*n - 54*r + 58*r = 858294, 6*r = -5*n + 2145763. Is n a prime number?
True
Let u be 10/(-1 + -3 + 2). Let z be (45/u)/((-5)/5). Is z/36 + (-11342)/(-8) a composite number?
True
Suppose 11*l = 8*l + 30. Suppose 0 = l*s - 13720 + 4230. Let q = 18 + s. Is q a composite number?
False
Let z be (-54 + -105)/(3/(-295)). Suppose 3*r - 15621 = -3*h, 0 = 10*h - 7*h - 4*r - z. Is h a composite number?
False
Suppose 5*q - 50 = -10. Let v(s) = 31*s**3 - 2*s**2 + 4*s - 19. Is v(q) a prime number?
False
Let p(r) = -1965*r - 6134. Is p(-99) prime?
True
Let z(n) = 11*n + 9. Let h(f) = 4*f**2 + 1. Let t be h(2). Suppose 9*v - 19 - t = 0. Is z(v) a composite number?
False
Let b(y) = -1665*y + 4. Let n be b(-2). Suppose 0 = -h - 932 + n. Is h a composite number?
True
Let v = 159699 - 34910. Suppose 23*a - v = 16*a. Is a a prime number?
True
Let o = 122 + -119. Suppose 2*i - 4737 = 5*g - 1251, o*i - 3*g - 5211 = 0. Is i a prime number?
True
Let k(a) = -181*a**2 + 31*a - 1. Let m be k(12). Let p = 46016 + m. Is p composite?
False
Let h = -345 + 179. Suppose 7150 + 5807 = 21*f. Let w = h + f. Is w prime?
False
Let v(s) = 27*s**2 - 90*s - 179. Is v(40) composite?
True
Let b(v) = -15*v**2 + v + 1. Let w be b(1). Let h(z) = -z**3 - 9*z**2 + 36*z + 25. Is h(w) a composite number?
False
Is 60725/(-70)*36/(-10) + -4 prime?
True
Let o(b) = 2*b**2 - 32*b + 5. Let a be o(16). Suppose a*z + n - 8455 = -n, -3*z - 2*n + 5069 = 0. Is z prime?
True
Suppose 129*j - 17063070 = 11923101. Is j a prime number?
True
Suppose 13*f - 27*f + 8078 = 0. Suppose -6*m + 4315 = f. Is m a prime number?
False
Let c(h) = -h**3 + 87*h**2 - 189*h - 160. Is c(39) prime?
False
Let m = -44 + 45. Let b be ((-5460)/18)/(m/3). Let h = b - -2165. Is h prime?
False
Suppose 3*k - 738145 = -11*t, 0*k = -5*t + 3*k + 335503. Is t a composite number?
False
Let o = 10360 - 4503. Let v = 8670 - o. Is v a composite number?
True
Let u = 81 + -78. Suppose 6*g + 12 = g + 2*k, u*g = 3*k - 9. Let a(c) = 7*c**2 - c + 4. Is a(g) a composite number?
True
Suppose 11*c = 2*c - 27. Let o be ((-6)/c)/(2*2/4). Is o/11 + 2 + 165815/55 a composite number?
True
Let y be (-2 - -1 - -2)/((-22)/(-352)). Let j = -11 + y. Suppose -3*b - 4*w = -6729, -5*w - 11215 = -j*b - 10*w. Is b a composite number?
False
Suppose 6*t - t = 0. Suppose -113532 = -12*v - t*v. Is v a composite number?
False
Suppose -2*p + 3*s + 13 = 0, 4*p - 29 = -0*p + 3*s. Let m(c) = 765*c + 23. Is m(p) composite?
False
Let i(c) = 23*c - 90. Let b be i(4). Let w(l) = 1384*l**3 - 9*l + 3. Is w(b) composite?
False
Let b = 25694 - -14187. Is b a prime number?
False
Is ((-14494)/(-4))/(22 - 42253/1922) a composite number?
True
Let f be (-8)/14 - (-1390107)/119. Let b = 19450 - f. Is b a prime number?
False
Suppose -11*f + 15 = -14*f. Is (f - -1)*-1034 + 0 + 2 a composite number?
True
Let c be (-68)/((-2452)/(-820) - 3). Suppose 0 = 9*a + 38 - 74. Suppose -3042 = -a*d + c. Is d a prime number?
True
Let c(j) = 7574*j - 1992. Is c(5) composite?
True
Let h(x) = 13*x**3 + 31*x**2 + 33*x + 40. Let b(u) = 7*u**3 + 16*u**2 + 16*u + 19. Let i(a) = 7*b(a) - 4*h(a). Is i(-10) composite?
False
Suppose 5*r + y = 50, r - 3*y = -2*y + 16. Let l(t) = -7*t**2 + 54*t - 56. Let b(o) = -3*o**2 + 19*o - 19. Let m(n) = -11*b(n) + 4*l(n). Is m(r) composite?
True
Suppose c = -b + 3*c + 72, 3*b - 3*c = 228. Is 16606 - 10/(b/24) a composite number?
False
Let v = 58970 - 31465. Suppose 115*m = 110*m + v. Is m a prime number?
True
Suppose -51 = -10*j - 7*j. Suppose -2*o + 4667 + 12900 = j*g, -4*g = -12. Is o composite?
False
Let b = 676253 - 469284. Is b a composite number?
True
Let k = -14 + -2. Let x = k - -186. Suppose y = x - 7. Is y a prime number?
True
Suppose 2*g - 3*c = 12209, -6000 - 24520 = -5*g + 5*c. Is g a prime number?
False
Let z(n) = 986*n**2 - 2*n + 3. Suppose 0 = -3*v + 7 - 1. Is z(v) a composite number?
False
Is 2 + -3 + 1 + (10 - -20643) a composite number?
True
Suppose -65*b + 59*b + 252 = 0. Suppose 55*c - 21437 = b*c. Is c composite?
True
Suppose 3*v - 4212 = -8*l + 4*l, 0 = -5*v + l + 7043. Let d be 8/(-8) + (-1116)/(-2). Let f = v - d. Is f a composite number?
True
Suppose -5*d - 967*s + 969*s = -4823319, 2*d + s = 1929315. Is d a prime number?
True
Is ((-2995648)/(-128))/(1/2) prime?
True
Suppose -2*j - 4*p + 21942 = 0, -14723 = -3*j + 3*p + 18235. Let i = -4118 + j. Is i prime?
True
Let i(u) = 43*u + 1222. Let z be i(-28). Let d(a) = 22*a - 31. Let k(s) = 89*s - 125. Let j(b) = 9*d(b) - 2*k(b). Is j(z) prime?
True
Suppose 0 = 11*h - 3*h + 24. Let g be (28/42)/((-1)/h). Suppose g*b - 836 = 2*a, 2*b = -3*b - 4*a + 2099. Is b a composite number?
False
Suppose 0*j - j = 0. Suppose 3*w + 4441 = 5*h, -3*h - w - 335 = -3008. Is j + (-4)/((-8)/h) a composite number?
True
Suppose -5*c = 2*s - 60, -c + s + 12 = -0*c. Suppose 0*n = 6*n - c. Let h = n + 87. Is h a prime number?
True
Is ((-226)/3)/((-130)/124995) a prime number?
False
Is (345/(-460))/(3/(-595148)) a composite number?
True
Let x = 83172 - 37878. Suppose b - x = -5*k, -2*k + 19*b = 15*b - 18122. Is k a composite number?
False
Let b(p) = 2*p**2 - 19*p + 7. Let k be b(0). Is ((-260239)/(-21))/k*3 composite?
True
Let c be (-4)/(-16)*4*-15. Let k be (-1 - (3 + -2)) + 3. Is (0 + (1 - 2))/(k/c) a composite number?
True
Is 254766/16 - ((-1)/(-16)*-82 - -5) composite?
False
Suppose -4*w = -3*s - 2311, 3*s + 2*w + 2308 = 3*w. Let y = -286 - s. Suppose -l + y = 2*l. Is l prime?
False
Let s = 253221 - 96538. Is s prime?
True
Is ((-5)/60*-2350398)/(6/(-72)*-6) composite?
False
Let v be (6/8 - (-14)/(-8)) + 4. Suppose v*f + 8 = 2*w - 12, 3*w = 12. Is 2/(12/1089)*f/(-6) composite?
True
Let f(t) = 51*t**2 + 7*t**3 - 62*t - 11*t**2 - 25 + 3*t**2 - 8*t**3. Is f(33) a composite number?
False
Suppose -317 = -4*h + 35. Let j = 88 - h. Is (-6)/((-60)/(-2045))*(-14 - j) a prime number?
False
Suppose -168*c + 70728 = -156*c. Suppose 126*t + c = 128*t. Is t a composite number?
True
Suppose -7*n = 5*v - 12*n - 8390, -3*v = 5*n - 5018. Suppose 0 = -3*i - i + v. Is i composite?
False
Suppose g - 156 = 387. Let v be ((-3)/(-2) - 2)*-26. Suppose v = -10*j + g. Is j a prime number?
True
Let k(i) = i**2 + 2*i + 4. Let n be k(-3). Suppose 3*p = -n*p + 20. Suppose -p*l - 3406 = -4*l - 5*c, 5*l = -4*c + 8481. Is l a composite number?
False
Suppose 3*i + 5*o + 56283 = 154505, 0 = 3*i - o - 98252. Is i a prime number?
True
Let r(v) = -3*v**3 + 7*v**2 - 2*v + 12481. Is r(0) composite?
True
Suppose 0 = -3*s - 2*d + 2267129, 5*s - 3*d = 2099012 + 1679511. Is s prime?
True
Let y be ((-32)/40 + 18/10)*12. Let r(a) = a**3 - 12*a**2 + 9. Let o be r(y). Let b(p) = 22*p**2 + 5*p - 4. Is b(o) a prime number?
True
Is ((-182)/(-13) - 9) + 10896 composite?
True
Suppose -20 = -5*i - 0*i. Suppose 5*v = 2*o - 6*o - 271, -114 = 2*v - i*o. Let p = 102 - v. Is p a composite number?
False
Suppose -94039 = 28*v + 31821. Let p = 8502 + v. Is p prime?
True
Suppose 3*q - 11 = 2*v, -q + 5*v = -13 + 5. Suppose q*o + 9*l - 2516 = 10*l, 0 = 5*o - 4*l - 4191. Is o a composite number?
False
Let w(z) = 6*z - 84. Let l be w(15). Is (-19 - -17) + 2*12387/l composite?
False
Suppose -3*b = 5*h + 76, -7*b - 107 = -3*b + h. Let f = b - -39. Is 2*(-4 - -2)/f*-633 prime?
True
Suppose 5*h - 3*c - 13897 = 